ens digit of 7799628?
2
What is the hundreds digit of 109167153?
1
What is the hundred thousands digit of 53997803?
9
What is the ten millions digit of 3334224792?
3
What is the units digit of 39258413?
3
What is the units digit of 27820867?
7
What is the ten thousands digit of 69043776?
4
What is the units digit of 57587569?
9
What is the millions digit of 167538425?
7
What is the hundreds digit of 52243642?
6
What is the ten millions digit of 61485091?
6
What is the tens digit of 24459440?
4
What is the hundreds digit of 183188979?
9
What is the thousands digit of 226070119?
0
What is the hundred thousands digit of 74619802?
6
What is the millions digit of 65710754?
5
What is the units digit of 331915720?
0
What is the units digit of 216841715?
5
What is the billions digit of 3455196900?
3
What is the millions digit of 33341432?
3
What is the millions digit of 224676107?
4
What is the hundreds digit of 107507704?
7
What is the thousands digit of 434121131?
1
What is the hundred millions digit of 276919675?
2
What is the ten thousands digit of 2145464832?
6
What is the ten thousands digit of 11604230?
0
What is the hundreds digit of 4635237448?
4
What is the hundred thousands digit of 26802199?
8
What is the thousands digit of 4342176?
2
What is the hundred thousands digit of 42157528?
1
What is the hundreds digit of 783092493?
4
What is the ten thousands digit of 671335446?
3
What is the tens digit of 53475358?
5
What is the ten millions digit of 74398832?
7
What is the ten thousands digit of 329378053?
7
What is the ten millions digit of 296016895?
9
What is the ten thousands digit of 257457753?
5
What is the hundred thousands digit of 88174647?
1
What is the units digit of 6211374?
4
What is the ten millions digit of 3013591012?
1
What is the thousands digit of 136998691?
8
What is the hundred millions digit of 177697046?
1
What is the hundreds digit of 127333078?
0
What is the tens digit of 94185825?
2
What is the tens digit of 62227405?
0
What is the units digit of 32117581?
1
What is the ten millions digit of 83540224?
8
What is the ten thousands digit of 96061006?
6
What is the ten millions digit of 357737097?
5
What is the hundred millions digit of 291155128?
2
What is the hundreds digit of 51311727?
7
What is the tens digit of 741140961?
6
What is the hundreds digit of 838180866?
8
What is the units digit of 214595529?
9
What is the millions digit of 4001979293?
1
What is the hundreds digit of 82211910?
9
What is the ten thousands digit of 256137031?
3
What is the hundred millions digit of 781601823?
7
What is the hundred millions digit of 5928492085?
9
What is the thousands digit of 7302840?
2
What is the ten millions digit of 34056698?
3
What is the millions digit of 37488992?
7
What is the hundred millions digit of 3006758971?
0
What is the ten millions digit of 1620185216?
2
What is the units digit of 2591942?
2
What is the tens digit of 31988246?
4
What is the ten millions digit of 226117025?
2
What is the hundred thousands digit of 837334098?
3
What is the ten millions digit of 4639790643?
3
What is the tens digit of 150955666?
6
What is the thousands digit of 36548669?
8
What is the hundred millions digit of 1160423648?
1
What is the thousands digit of 140679836?
9
What is the thousands digit of 5472992270?
2
What is the units digit of 1091388188?
8
What is the thousands digit of 50232562?
2
What is the units digit of 31106742?
2
What is the tens digit of 507578670?
7
What is the ten millions digit of 85076829?
8
What is the units digit of 10281520?
0
What is the hundred millions digit of 214655123?
2
What is the ten millions digit of 1141061133?
4
What is the hundred thousands digit of 701010630?
0
What is the hundreds digit of 2501741206?
2
What is the ten thousands digit of 40954663?
5
What is the hundreds digit of 100480980?
9
What is the thousands digit of 461258259?
8
What is the hundred thousands digit of 54999560?
9
What is the thousands digit of 795244127?
4
What is the units digit of 130743160?
0
What is the thousands digit of 1330270988?
0
What is the hundreds digit of 55835260?
2
What is the thousands digit of 1449593259?
3
What is the millions digit of 23377668?
3
What is the ten millions digit of 34136530?
3
What is the millions digit of 78076511?
8
What is the thousands digit of 1593602188?
2
What is the thousands digit of 1018218473?
8
What is the ten millions digit of 18859944?
1
What is the hundred thousands digit of 5870061136?
0
What is the ten thousands digit of 450799970?
9
What is the ten thousands digit of 12346614?
4
What is the ten thousands digit of 2264591837?
9
What is the hundreds digit of 2786254929?
9
What is the hundred millions digit of 1839744309?
8
What is the hundred thousands digit of 850205206?
2
What is the thousands digit of 7180197308?
7
What is the ten millions digit of 379789494?
7
What is the units digit of 870974195?
5
What is the hundred millions digit of 244459166?
2
What is the hundreds digit of 63561493?
4
What is the ten thousands digit of 65349989?
4
What is the thousands digit of 120818877?
8
What is the units digit of 97992076?
6
What is the hundred thousands digit of 1794194347?
1
What is the units digit of 165798350?
0
What is the units digit of 12671462?
2
What is the ten thousands digit of 37975547?
7
What is the tens digit of 4629651581?
8
What is the tens digit of 58815184?
8
What is the hundred millions digit of 108849697?
1
What is the units digit of 502638297?
7
What is the hundreds digit of 49344697?
6
What is the hundreds digit of 134221470?
4
What is the thousands digit of 112100468?
0
What is the millions digit of 1025262?
1
What is the hundreds digit of 171929492?
4
What is the units digit of 662824642?
2
What is the hundreds digit of 4227952008?
0
What is the units digit of 158435914?
4
What is the millions digit of 7497703?
7
What is the hundred millions digit of 1099466298?
0
What is the hundreds digit of 361221551?
5
What is the hundred millions digit of 337006524?
3
What is the millions digit of 3990276588?
0
What is the hundred thousands digit of 59410504?
4
What is the units digit of 17856412?
2
What is the ten millions digit of 146046992?
4
What is the tens digit of 151025873?
7
What is the hundred millions digit of 253888441?
2
What is the ten thousands digit of 127987120?
8
What is the hundred thousands digit of 226015789?
0
What is the thousands digit of 45012046?
2
What is the thousands digit of 157096125?
6
What is the hundreds digit of 53757478?
4
What is the tens digit of 5721303?
0
What is the thousands digit of 41906872?
6
What is the ten thousands digit of 4146558457?
5
What is the hundreds digit of 928638914?
9
What is the millions digit of 69324520?
9
What is the millions digit of 2009715926?
9
What is the thousands digit of 16314063?
4
What is the ten thousands digit of 240073183?
7
What is the thousands digit of 457501047?
1
What is the units digit of 13492185?
5
What is the ten millions digit of 31126901?
3
What is the millions digit of 68512705?
8
What is the thousands digit of 45372869?
2
What is the units digit of 30805134?
4
What is the units digit of 509835305?
5
What is the ten thousands digit of 30177698?
7
What is the thousands digit of 14686350?
6
What is the units digit of 15359434?
4
What is the ten thousands digit of 107937153?
3
What is the ten millions digit of 51510175?
5
What is the millions digit of 485049430?
5
What is the tens digit of 4461447?
4
What is the thousands digit of 2784059129?
9
What is the millions digit of 56101426?
6
What is the ten millions digit of 133982140?
3
What is the hundred millions digit of 1527590013?
5
What is the units digit of 20751538?
8
What is the tens digit of 251407242?
4
What is the ten millions digit of 668644815?
6
What is the thousands digit of 105618350?
8
What is the hundred millions digit of 193246133?
1
What is the units digit of 256174721?
1
What is the thousands digit of 109375874?
5
What is the hundred millions digit of 798936731?
7
What is the tens digit of 10189890?
9
What is the thousands digit of 2182835025?
5
What is the thousands digit of 460539806?
9
What is the ten millions digit of 60734351?
6
What is the millions digit of 2275205240?
5
What is the hundred mill